sor of 323075868 and 12.
12
What is the greatest common divisor of 4269 and 38808?
3
Calculate the greatest common divisor of 13055 and 1066835.
35
Calculate the greatest common factor of 22008104 and 2724.
908
Calculate the greatest common factor of 328 and 72218138.
82
Calculate the greatest common divisor of 66624 and 308208.
48
What is the greatest common divisor of 34321069 and 51905?
1483
What is the highest common factor of 303038 and 1849954?
1094
Calculate the highest common divisor of 125952 and 204303.
123
What is the highest common factor of 49233 and 101?
1
Calculate the highest common divisor of 3150 and 10217550.
1050
Calculate the greatest common divisor of 112695858 and 814.
814
Calculate the greatest common factor of 174 and 14853558.
6
What is the highest common factor of 187846820 and 70?
70
Calculate the highest common divisor of 75 and 328854.
3
Calculate the highest common factor of 24228 and 943546.
1346
Calculate the greatest common divisor of 125 and 1600175.
25
Calculate the highest common divisor of 3169064 and 1753240.
6616
Calculate the greatest common divisor of 149174 and 18.
2
What is the greatest common factor of 17874 and 11069964?
5958
Calculate the greatest common divisor of 90 and 71052060.
30
What is the highest common factor of 5308 and 2270497?
1327
Calculate the highest common factor of 70237678 and 98.
98
What is the highest common factor of 3793431 and 714?
51
What is the greatest common divisor of 13893 and 69849373?
4631
What is the highest common factor of 7941 and 723268927?
2647
Calculate the greatest common factor of 200 and 320975.
25
What is the greatest common factor of 168 and 3551772?
84
What is the highest common divisor of 6444 and 11620143?
1611
Calculate the greatest common factor of 26910 and 3403655.
115
What is the highest common divisor of 49578114 and 1674?
186
Calculate the highest common factor of 19175293 and 116.
29
What is the highest common divisor of 1080 and 513600?
120
Calculate the highest common factor of 39500 and 1155928.
316
What is the greatest common factor of 445548 and 456999?
1041
Calculate the highest common factor of 6208 and 405266.
194
Calculate the greatest common divisor of 9816338 and 32893.
889
Calculate the greatest common divisor of 3516115 and 70.
5
Calculate the greatest common factor of 6795 and 124524.
9
What is the highest common factor of 3306 and 1012941870?
3306
What is the greatest common divisor of 232 and 4770896?
8
Calculate the highest common factor of 4843 and 3718177.
29
Calculate the highest common divisor of 743115260 and 1550.
310
Calculate the highest common divisor of 61752797 and 401.
401
What is the highest common factor of 1407301 and 1219?
23
What is the greatest common factor of 3054 and 215876571?
1527
Calculate the greatest common factor of 37888910 and 674.
674
Calculate the greatest common divisor of 3072 and 38286.
6
What is the greatest common factor of 31916 and 46460?
404
Calculate the highest common divisor of 6760 and 1177085.
845
What is the greatest common factor of 459243063 and 423?
423
Calculate the highest common divisor of 44022 and 1342.
22
Calculate the greatest common divisor of 836873492 and 16744.
8372
Calculate the highest common factor of 3520 and 5855840.
160
What is the greatest common divisor of 4012 and 61948?
68
Calculate the highest common divisor of 18338 and 3184238.
346
What is the greatest common divisor of 64179815 and 55?
5
Calculate the greatest common divisor of 2269355 and 814.
11
What is the greatest common divisor of 9912858 and 762?
762
What is the greatest common divisor of 4000351 and 664?
83
What is the highest common factor of 10249743 and 9177?
483
What is the greatest common factor of 5305 and 55865?
5
Calculate the greatest common divisor of 32947 and 49838296.
701
What is the greatest common factor of 2259168 and 18174?
1398
What is the highest common factor of 920482 and 11050?
34
Calculate the greatest common divisor of 1995 and 267515535.
1995
Calculate the greatest common divisor of 21955 and 18710051.
4391
Calculate the greatest common divisor of 8525 and 6124525.
275
What is the highest common divisor of 72948922 and 37597?
5371
Calculate the greatest common divisor of 1199125872 and 9576.
9576
What is the greatest common divisor of 239481 and 113201?
451
What is the greatest common factor of 610024 and 88?
8
Calculate the greatest common factor of 1765119 and 2249.
173
What is the highest common factor of 248252 and 788?
4
What is the greatest common divisor of 5669847 and 180729?
4203
What is the greatest common factor of 644139289 and 2504?
313
What is the highest common divisor of 14240381 and 83214?
1541
Calculate the highest common divisor of 2996 and 2954.
14
Calculate the greatest common divisor of 400 and 1243600.
400
Calculate the highest common factor of 62283 and 241147.
1597
Calculate the highest common divisor of 113718 and 5856.
6
Calculate the greatest common divisor of 7958 and 153882.
2
What is the highest common factor of 11493326 and 17?
17
What is the highest common divisor of 217078 and 894836?
698
What is the greatest common divisor of 16749 and 2666813?
1861
Calculate the greatest common factor of 95594232 and 24.
24
What is the greatest common divisor of 135025488 and 624?
624
Calculate the highest common divisor of 183170094 and 402.
402
What is the highest common divisor of 290468112 and 2112?
528
Calculate the greatest common factor of 17459 and 7150.
13
What is the greatest common divisor of 2187 and 10519713?
243
What is the highest common divisor of 85666872 and 24?
24
What is the greatest common factor of 253 and 1402494?
23
What is the highest common divisor of 33462 and 1287234?
234
What is the greatest common divisor of 673043698 and 4391?
4391
Calculate the highest common divisor of 56494371 and 138.
69
What is the highest common divisor of 318 and 54449338?
106
Calculate the highest common factor of 617 and 58602043.
617
What is the greatest common factor of 687 and 576345?
3
What is the greatest common divisor of 1470593 and 31?
1
Calculate the greatest common divisor of 239500 and 8275.
25
Calculate the highest common divisor of 8545638 and 15529.
293
Calculate the highest common factor of 310456810 and 80.
10
Calculate the highest common factor of 4221450 and 236.
118
Calculate the highest common factor of 954 and 52318674.
18
Calculate the highest common factor of 80053 and 155120.
277
Calculate the greatest common factor of 270 and 23078208.
6
What is the greatest common factor of 1780 and 21612404?
356
Calculate the highest common factor of 5425972 and 11072.
692
Calculate the highest common divisor of 10638 and 673346.
394
Calculate the highest common factor of 3 and 2882667.
3
What is the greatest common divisor of 4077 and 1441345887?
4077
Calculate the highest common divisor of 49146447 and 63.
21
What is the highest common factor of 336942 and 372?
6
What is the highest common divisor of 336 and 5307022?
14
Calculate the highest common divisor of 2029440 and 9856.
896
Calculate the greatest common divisor of 46852 and 88012860.
2756
What is the greatest common divisor of 2154699 and 561?
51
Calculate the greatest common divisor of 1776 and 362496.
48
Calculate the greatest common divisor of 8 and 22951584.
8
What is the greatest common divisor of 432925154 and 302?
302
What is the greatest common factor of 237 and 295855?
79
Calculate the highest common factor of 12453 and 723996.
21
What is the highest common factor of 809122 and 56107?
2953
What is the highest common factor of 2555 and 1841102340?
2555
What is the highest common factor of 510 and 247906410?
510
What is the greatest common divisor of 1547 and 634049?
221
What is the greatest common factor of 2353 and 462817?
181
What is the greatest common divisor of 1348966103 and 2283?
761
Calculate the highest common divisor of 2812161 and 71874.
363
Calculate the greatest common divisor of 3250 and 2230930.
130
Calculate the greatest common factor of 261 and 13625099.
29
Calculate the highest common factor of 48076635 and 2370.
1185
What is the greatest common factor of 33 and 21892772?
11
What is the greatest common factor of 121 and 882871?
11
Calculate the greate